2330?
3
What is the hundreds digit of 2455?
4
What is the units digit of 6091?
1
What is the tens digit of 107?
0
What is the units digit of 14106?
6
What is the units digit of 1399?
9
What is the thousands digit of 8236?
8
What is the ten thousands digit of 25981?
2
What is the hundreds digit of 844?
8
What is the thousands digit of 14514?
4
What is the thousands digit of 7559?
7
What is the thousands digit of 7114?
7
What is the units digit of 222?
2
What is the hundreds digit of 2639?
6
What is the hundreds digit of 2397?
3
What is the tens digit of 195?
9
What is the hundreds digit of 45371?
3
What is the tens digit of 2118?
1
What is the hundreds digit of 2219?
2
What is the tens digit of 10030?
3
What is the units digit of 27249?
9
What is the ten thousands digit of 40536?
4
What is the units digit of 916?
6
What is the units digit of 893?
3
What is the hundreds digit of 1457?
4
What is the units digit of 83971?
1
What is the thousands digit of 2039?
2
What is the hundreds digit of 3040?
0
What is the hundreds digit of 757?
7
What is the thousands digit of 2245?
2
What is the thousands digit of 1587?
1
What is the hundreds digit of 13880?
8
What is the tens digit of 7352?
5
What is the tens digit of 158?
5
What is the tens digit of 1889?
8
What is the units digit of 8563?
3
What is the tens digit of 3147?
4
What is the units digit of 3526?
6
What is the hundreds digit of 178?
1
What is the units digit of 133307?
7
What is the thousands digit of 3795?
3
What is the thousands digit of 27259?
7
What is the units digit of 852?
2
What is the units digit of 44003?
3
What is the thousands digit of 23891?
3
What is the units digit of 81238?
8
What is the tens digit of 30632?
3
What is the ten thousands digit of 17777?
1
What is the thousands digit of 1049?
1
What is the ten thousands digit of 53531?
5
What is the tens digit of 64144?
4
What is the hundreds digit of 846?
8
What is the hundreds digit of 1228?
2
What is the tens digit of 9281?
8
What is the units digit of 2807?
7
What is the tens digit of 458?
5
What is the ten thousands digit of 29146?
2
What is the hundreds digit of 2790?
7
What is the units digit of 4045?
5
What is the tens digit of 3933?
3
What is the units digit of 4030?
0
What is the tens digit of 7901?
0
What is the units digit of 45715?
5
What is the thousands digit of 36117?
6
What is the units digit of 12564?
4
What is the tens digit of 39191?
9
What is the units digit of 532?
2
What is the hundreds digit of 922?
9
What is the thousands digit of 29586?
9
What is the thousands digit of 49303?
9
What is the units digit of 1481?
1
What is the thousands digit of 57445?
7
What is the units digit of 1191?
1
What is the tens digit of 176?
7
What is the tens digit of 926?
2
What is the hundreds digit of 9667?
6
What is the units digit of 22257?
7
What is the tens digit of 14092?
9
What is the units digit of 354?
4
What is the hundreds digit of 2930?
9
What is the thousands digit of 24632?
4
What is the tens digit of 7498?
9
What is the hundreds digit of 4710?
7
What is the tens digit of 45?
4
What is the thousands digit of 42978?
2
What is the units digit of 30158?
8
What is the thousands digit of 1095?
1
What is the ten thousands digit of 10197?
1
What is the tens digit of 772?
7
What is the ten thousands digit of 171230?
7
What is the thousands digit of 2646?
2
What is the thousands digit of 4567?
4
What is the units digit of 543?
3
What is the hundreds digit of 16262?
2
What is the tens digit of 731?
3
What is the hundreds digit of 3073?
0
What is the tens digit of 564?
6
What is the ten thousands digit of 12992?
1
What is the tens digit of 39?
3
What is the units digit of 5015?
5
What is the tens digit of 585?
8
What is the tens digit of 300?
0
What is the thousands digit of 1554?
1
What is the units digit of 2189?
9
What is the tens digit of 1402?
0
What is the units digit of 125250?
0
What is the units digit of 22920?
0
What is the units digit of 874?
4
What is the units digit of 112?
2
What is the units digit of 387?
7
What is the units digit of 1031?
1
What is the units digit of 4540?
0
What is the thousands digit of 6465?
6
What is the thousands digit of 168311?
8
What is the tens digit of 967?
6
What is the units digit of 5353?
3
What is the hundreds digit of 1041?
0
What is the hundreds digit of 1854?
8
What is the units digit of 33885?
5
What is the units digit of 8645?
5
What is the units digit of 26136?
6
What is the thousands digit of 23461?
3
What is the hundreds digit of 13494?
4
What is the thousands digit of 1693?
1
What is the units digit of 451?
1
What is the thousands digit of 96215?
6
What is the thousands digit of 26995?
6
What is the thousands digit of 8755?
8
What is the hundreds digit of 17587?
5
What is the tens digit of 8395?
9
What is the thousands digit of 1516?
1
What is the thousands digit of 8644?
8
What is the thousands digit of 15740?
5
What is the hundreds digit of 899?
8
What is the hundreds digit of 19783?
7
What is the units digit of 8742?
2
What is the tens digit of 653?
5
What is the tens digit of 16084?
8
What is the hundred thousands digit of 101098?
1
What is the units digit of 2248?
8
What is the ten thousands digit of 18861?
1
What is the thousands digit of 1946?
1
What is the tens digit of 32054?
5
What is the units digit of 4763?
3
What is the units digit of 34537?
7
What is the units digit of 198?
8
What is the tens digit of 32768?
6
What is the units digit of 9567?
7
What is the hundreds digit of 58653?
6
What is the units digit of 1086?
6
What is the hundreds digit of 246?
2
What is the thousands digit of 7700?
7
What is the tens digit of 46122?
2
What is the tens digit of 76?
7
What is the units digit of 318?
8
What is the tens digit of 586?
8
What is the tens digit of 18992?
9
What is the hundreds digit of 11161?
1
What is the hundreds digit of 1576?
5
What is the thousands digit of 17648?
7
What is the units digit of 2056?
6
What is the units digit of 704?
4
What is the thousands digit of 6000?
6
What is the units digit of 1578?
8
What is the tens digit of 595?
9
What is the thousands digit of 3002?
3
What is the thousands digit of 96032?
6
What is the tens digit of 9045?
4
What is the thousands digit of 73693?
3
What is the thousands digit of 6976?
6
What is the units digit of 1883?
3
What is the hundreds digit of 116800?
8
What is the units digit of 1889?
9
What is the tens digit of 3674?
7
What is the thousands digit of 22973?
2
What is the thousands digit of 69089?
9
What is the thousands digit of 6229?
6
What is the tens digit of 2721?
2
What is the tens digit of 649?
4
What is the tens digit of 11854?
5
What is the hundreds digit of 6663?
6
What is the units digit of 92054?
4
What is the hundreds digit of 8243?
2
What is the ten thousands digit of 18023?
1
What is the units digit of 58380?
0
What is the ten thousands digit of 127586?
2
What is the ten thousands digit of 15601?
1
What is the tens digit of 10851?
5
What is the tens digit of 1585?
8
What is the hundreds digit of 592?
5
What is the tens digit of 1235?
3
What is the hundreds digit of 148473?
4
What is the thousands digit of 6636?
6
What is the hundreds digit of 461?
4
What is the tens digit of 659?
5
What is the hundreds digit of 680?
6
What is the hundreds digit of 7194?
1
What is the tens digit of 32586?
8
What is the thousands digit of 59984?
9
What is the thousands digit of 9066?
9
What is the thousands digit of 5322?
5
What is the thousands digit of 20489?
0
What is the units digit of 4?
4
What is the hundreds digit of 2973?
9
What is the thousands digit of 3985?
3
What is the tens digit of 1237?
3
What is the units digit of 72?
2
What is the thousands digit of 6967?
6
What is the hundreds digit of 4978?
9
What is the units digit of 4866?
6
What is the hundreds digit of 876?
8
What is the units digit of 64767?
7
What is the thousands digit of 21841?
1
What is the units digit of 4106?
6
What is the ten thousands digit of 33438?
3
What is the tens digit of 7599?
9
What is the hundreds digit of 8847?
8
What is the tens digit of 91044?
4
What is the tens digit of 1591?
9
What is the thousands digit of 37230?
7
What is the hundreds digit of 1351?
3
What is the units digit of 1636?
6
What is the units di